.
2
Let r(q) = -3*q**3 - q**2 + 2*q - 1. Let b = -12 - -4. Calculate the remainder when 516/b*2/(-3) is divided by r(-2).
13
Let z(s) = -s + 1. Suppose 0 = r - 6*r + 5, -5*k = -4*r - 36. Calculate the remainder when k is divided by z(-4).
3
Let x = 51 + -26. Suppose -x*o + 675 = -20*o. Calculate the remainder when o is divided by 34.
33
Let o = -7 + 16. Calculate the remainder when 1/(-3)*(-2 + -46) is divided by o.
7
Let h(b) = -6*b**3 - 2*b**2 - 2*b. Let a(l) = l - 4. What is the remainder when h(-1) is divided by a(8)?
2
Let d = -15 - -37. Calculate the remainder when 86 is divided by d.
20
Suppose 3*v + 8 = 17. Suppose -v*p + 10 + 41 = 0. Calculate the remainder when 66 is divided by p.
15
Let m(s) = s + 7. Let x be m(0). Suppose -l + 66 + x = 5*j, -j + l = -17. Suppose u - 19 - 10 = 0. Calculate the remainder when u is divided by j.
14
Let j be 76/12 + (-1)/3. Calculate the remainder when ((-15)/j)/(-5)*134 is divided by 17.
16
Suppose 0 = -15*z + z + 602. Calculate the remainder when z is divided by 12.
7
Let h = -1074 - -1082. Suppose 2*b = 4*b. Suppose b = -3*x + x + 30. What is the remainder when x is divided by h?
7
Suppose -2*q + 0*b - 8 = 4*b, 0 = 5*q + 5*b - 5. Suppose -4 + q = i. Suppose -h - 2 = -2*h + 5*k, -6 = -3*h - 2*k. What is the remainder when i is divided by h?
0
Let l(i) = i**3 + 2*i**2 - 5*i + 4. Suppose y + 10 = 28. What is the remainder when l(3) is divided by y?
16
Suppose -i = -h + 13, 2*i - 40 = -4*h + 3*i. What is the remainder when 15 is divided by h?
6
Suppose -4*d + 3*h = -h - 60, -4*d - 3*h + 60 = 0. What is the remainder when d is divided by 6?
3
Let o(b) = -3*b - 1. Let w be o(-1). Let n be (3/w)/((-4)/(-8)). Suppose -15 = -2*l - n*l. What is the remainder when 4 is divided by l?
1
Let x = -3 + 7. Suppose -1 = -a + x. What is the remainder when 14 is divided by a?
4
Suppose -4*a = -0*a - 2*z - 12, -2*z + 20 = 4*a. Let x(l) = 2*l**2 - 5 - 3*l + 4*l - l**2. Calculate the remainder when 29 is divided by x(a).
14
Suppose 0 = -2*p + 22 + 6. What is the remainder when p is divided by (2/(-4))/((-1)/(-6 - -22))?
6
Suppose -2*s - 4*a = -62, 24 = 2*s - 3*a - 52. Suppose 4*v = -v + s. Let b = -82 - -101. Calculate the remainder when b is divided by v.
5
Let d = 52 + -35. Suppose -6*p + p = -160. What is the remainder when p is divided by d?
15
Suppose z - 6*z + 81 = 4*l, -19 = -3*z + 5*l. What is the remainder when 62 is divided by z?
10
Let a = 3 + -5. Let l = 1 - a. Suppose l = 3*k - 3. Calculate the remainder when 5 is divided by k.
1
Suppose 11*v - 5 = 10*v, p - 4*v = 4. Calculate the remainder when 33 is divided by p.
9
Suppose -156 = -5*j + l, 3*l = -3*j + j + 76. What is the remainder when j is divided by 302/18 - 2/(-9)?
15
Suppose -r = -4*m - 54, -5*m + 230 = 2*r + r. Calculate the remainder when r is divided by 12.
10
Suppose -5*g = -p - 73, 0*g - 5*g + 76 = -2*p. Calculate the remainder when g is divided by 9.
5
Calculate the remainder when ((-20)/16)/(4/(-608)) is divided by 32.
30
Suppose 4*y + y + 3*d = 16, 0 = y + d - 4. What is the remainder when 2 is divided by y?
0
Suppose -3*p + 0*j - 1 = 5*j, -2*p - 2*j = -2. Let n(v) = -2 - 9*v**2 + 4*v**3 - 6*v + 15*v**2 - p*v**3. Calculate the remainder when n(-5) is divided by 27.
26
Suppose 3*w - 148 = -7. Suppose -3*x + 57 = 9. Calculate the remainder when w is divided by x.
15
Suppose -c + 5*b - 36 = -2*c, 5*b + 44 = 4*c. Let u = c - 4. Suppose 0*w = -w + 3, -5*z = -3*w - 26. What is the remainder when u is divided by z?
5
Suppose 2 = 5*t - 43. Suppose -o + 9 = 2. Let s(q) = -q**2 + 9*q + 2. What is the remainder when s(o) is divided by t?
7
Let s(m) = 2*m**2 - 5*m + 2. Calculate the remainder when s(-4) is divided by 11.
10
Calculate the remainder when 57 is divided by 1*8/28 + 164/14.
9
Suppose 3*k - 160 = -k. What is the remainder when k is divided by 14?
12
Suppose -6*h + 3*h = -9. Let d(x) = x - 2*x + 3 - h*x + 0*x - x**2. What is the remainder when 7 is divided by d(-4)?
1
Suppose f + 4*z - 71 = 0, 4*f - 259 = -f + 4*z. Let k = f - 35. Calculate the remainder when 57 is divided by k.
17
Suppose -f = 5*j + 4*f - 205, f = -3*j + 123. Suppose 8*i - 12 = 308. Let k = i - 19. Calculate the remainder when j is divided by k.
20
Suppose -3*x = -7*x + 32. What is the remainder when 29 is divided by x?
5
Let u(t) = -t**2 - 9*t + 2. Let c = 63 + 0. Calculate the remainder when c is divided by u(-7).
15
Suppose -4*y = -2*y. Let g = y + 3. Suppose 3*f + 2*u = 47, -f - g*f = -3*u - 40. Calculate the remainder when f is divided by 7.
6
Let u(l) = l**3 - 5*l**2 - 10*l + 7. Let v be u(6). Let r = v - -40. Calculate the remainder when r is divided by 12.
11
Suppose -5*r = -5*w + 10, 2*r + 4*w - 12 = 2*w. Let h = 47 - 34. Let p = h - 6. What is the remainder when p is divided by r?
1
Let l(r) = -6*r**2 - 8*r + r**3 + 0*r + 4 + 3*r**2. Suppose -4*z + 0*z = -20. What is the remainder when 27 is divided by l(z)?
13
What is the remainder when 24 is divided by -27*((4/(-3))/1 + 1)?
6
Suppose -u + 4*c + 19 = c, u = -3*c + 7. What is the remainder when 50 is divided by u?
11
Suppose -3*c + 2*i = 13, 2*i + 12 = -2*c + 4*i. Calculate the remainder when 27 is divided by (-15)/(c - (-2)/(-4)).
7
Let o(y) = -4*y**3 - 4*y**2 - y + 2. Let b(k) = 3*k - 2. What is the remainder when o(-2) is divided by b(3)?
6
Suppose -2*s = -x + 1, -2*x = 2*x - 5*s + 11. Let l = 20 + x. Calculate the remainder when 30 is divided by l.
8
Suppose 5*c - 4 + 19 = 0, -5*c = -z + 50. What is the remainder when 69 is divided by z?
34
Suppose 5*x = -r - 4*r + 140, -141 = -5*r - 4*x. Calculate the remainder when r is divided by 10.
9
Let i(o) = o - 2. Let r be i(-6). Let q = -6 - r. What is the remainder when 2 is divided by q?
0
Suppose 0 = l - 30 - 2. Let f = 102 - l. Suppose 2*q - f = -3*q. What is the remainder when 27 is divided by q?
13
Suppose -2*i - t + 19 = -4*t, 2*t = 3*i - 31. Suppose -d + 3*d = 4*w - 4, d = 5*w - i. What is the remainder when 42/(-4)*(-4)/w is divided by 5?
4
Suppose -2*y - 96 = -4*y. Let l be (-4)/10 - (-12)/5. Suppose -l*u = u - y. Calculate the remainder when u is divided by 6.
4
Let j(z) be the first derivative of z**3/3 - 2*z**2 - 2*z + 1. Calculate the remainder when 56 is divided by j(-3).
18
Let c(f) = f**3 - 5*f**2 - 5*f - 4. Let k be c(6). Suppose 0 = k*g + 5*m - 53, 3*m = -2*g + m + 44. Calculate the remainder when 74 is divided by g.
17
Let c(d) = -d**2 - 7*d - 8. Let i be c(-6). Let m be 1/(i/(-14)) + 0. Let f = m - -4. Calculate the remainder when 21 is divided by f.
10
Suppose -3*j + 10*j = 623. Calculate the remainder when j is divided by 31.
27
Suppose -22 = -4*r - 2. Suppose -r*w = -2*w. Suppose 7*t - 5 = 2*t, -2*l - 3*t + 23 = w. Calculate the remainder when 39 is divided by l.
9
Let p = -88 + 128. What is the remainder when 198 is divided by p?
38
Let a be 10 + 1*(-1 - -4). Let g = a + -7. Calculate the remainder when 17 is divided by g.
5
Let k = 3 - 2. What is the remainder when (-352)/(-20)*(-4 + (-13)/(-2)) is divided by (k - (-13)/2)*2?
14
Let i = 3 - -2. Calculate the remainder when 9 is divided by i.
4
Let h(j) = -j**3 + 6*j**2 + 10*j - 8. Calculate the remainder when h(6) is divided by 28.
24
Suppose -f + 49 = 3*r + 4*f, 13 = r + 5*f. Let w(b) = -b**2 - b + 3. Let u be w(0). Suppose 4*c - u*c = 34. Calculate the remainder when c is divided by r.
16
Suppose 0 = -3*m + z + 128, -4 + 134 = 3*m - 2*z. Calculate the remainder when m is divided by 11.
9
Suppose 41 = 3*i - 10. What is the remainder when i is divided by 9?
8
Suppose 6*g = 2*g + 32. Calculate the remainder when g is divided by 3.
2
Let a(x) = x**3 - 4*x**2 + 3*x + 4. Let d(o) = -o**2 + 11*o - 5. Let w be d(10). Calculate the remainder when a(w) is divided by 23.
21
Let z = 196 + -75. Calculate the remainder when z is divided by 31.
28
Let b(g) = 4*g - 5. Suppose 5*k + 225 = 4*c, 5*c = 3*k + 156 + 122. What is the remainder when c is divided by b(6)?
17
Let c(x) = x**3 + 6*x**2 - 2 + 3*x + 2 - 1. What is the remainder when c(-4) is divided by (0 - 1)/((-1)/7)?
5
Suppose 0 = 6*u - 375 - 351. What is the remainder when u is divided by 41?
39
Suppose 0 = 2*m - 4*p - 34, 6*m - 85 = m - 4*p. Let h = m - -2. What is the remainder when 37 is divided by h?
18
Let g = -11 + 102. Calculate the remainde